{"id":64,"date":"2017-02-28T09:40:12","date_gmt":"2017-02-28T09:40:12","guid":{"rendered":"https:\/\/www.asostockerau.at\/wordpress\/?page_id=64"},"modified":"2017-10-29T20:49:34","modified_gmt":"2017-10-29T19:49:34","slug":"schuleigener-bus","status":"publish","type":"page","link":"https:\/\/www.asostockerau.at\/wordpress\/?page_id=64","title":{"rendered":"Schuleigener Bus"},"content":{"rendered":"<p style=\"text-align: center;\">\n<p style=\"text-align: left;\"><span style=\"color: #000000; font-family: verdana,geneva,sans-serif; font-size: 12pt;\">F\u00fcr Ausflugsfahrten wurde uns vom Schulerhalter ein eigener Bus zur Verf\u00fcgung gestellt.<\/span><\/p>\n<p class=\"font_5\"><span style=\"color: #000000; font-family: verdana,geneva,sans-serif; font-size: 12pt;\">Damit k\u00f6nnen,\u00a0unterst\u00fctzt durch eine Heberampe,\u00a0zwei Rollst\u00fchle transportiert werden.<\/span><\/p>\n<p class=\"font_5\"><span style=\"color: #000000; font-family: verdana,geneva,sans-serif; font-size: 12pt;\">Dadurch sind wir auch bei Lehrausg\u00e4ngen flexibler\u00a0geworden.<\/span><\/p>\n<p class=\"font_5\" style=\"text-align: center;\"><img decoding=\"async\" id=\"comp-iucrhi4simgimage\" src=\"https:\/\/static.wixstatic.com\/media\/59b0ee_3e415157dee24c04940a84a31a0c0ba1~mv2_d_4608_3456_s_4_2.jpg\/v1\/fill\/w_224,h_168,al_c,q_80,usm_0.66_1.00_0.01\/59b0ee_3e415157dee24c04940a84a31a0c0ba1~mv2_d_4608_3456_s_4_2.jpg\" alt=\"\" data-reactid=\".0.$SITE_ROOT.$desktop_siteRoot.$PAGES_CONTAINER.1.1.$SITE_PAGES.$t06mk.1.$comp-iucrhi4s.0.0.$image\" \/><\/p>\n","protected":false},"excerpt":{"rendered":"<p>F\u00fcr Ausflugsfahrten wurde uns vom Schulerhalter ein eigener Bus zur Verf\u00fcgung gestellt. Damit k\u00f6nnen,\u00a0unterst\u00fctzt durch eine Heberampe,\u00a0zwei Rollst\u00fchle transportiert werden. Dadurch sind wir auch bei Lehrausg\u00e4ngen flexibler\u00a0geworden.<\/p>\n","protected":false},"author":5,"featured_media":0,"parent":56,"menu_order":0,"comment_status":"closed","ping_status":"closed","template":"","meta":{"ngg_post_thumbnail":0,"footnotes":""},"class_list":["post-64","page","type-page","status-publish","hentry"],"_links":{"self":[{"href":"https:\/\/www.asostockerau.at\/wordpress\/index.php?rest_route=\/wp\/v2\/pages\/64","targetHints":{"allow":["GET"]}}],"collection":[{"href":"https:\/\/www.asostockerau.at\/wordpress\/index.php?rest_route=\/wp\/v2\/pages"}],"about":[{"href":"https:\/\/www.asostockerau.at\/wordpress\/index.php?rest_route=\/wp\/v2\/types\/page"}],"author":[{"embeddable":true,"href":"https:\/\/www.asostockerau.at\/wordpress\/index.php?rest_route=\/wp\/v2\/users\/5"}],"replies":[{"embeddable":true,"href":"https:\/\/www.asostockerau.at\/wordpress\/index.php?rest_route=%2Fwp%2Fv2%2Fcomments&post=64"}],"version-history":[{"count":6,"href":"https:\/\/www.asostockerau.at\/wordpress\/index.php?rest_route=\/wp\/v2\/pages\/64\/revisions"}],"predecessor-version":[{"id":338,"href":"https:\/\/www.asostockerau.at\/wordpress\/index.php?rest_route=\/wp\/v2\/pages\/64\/revisions\/338"}],"up":[{"embeddable":true,"href":"https:\/\/www.asostockerau.at\/wordpress\/index.php?rest_route=\/wp\/v2\/pages\/56"}],"wp:attachment":[{"href":"https:\/\/www.asostockerau.at\/wordpress\/index.php?rest_route=%2Fwp%2Fv2%2Fmedia&parent=64"}],"curies":[{"name":"wp","href":"https:\/\/api.w.org\/{rel}","templated":true}]}}