{"id":62,"date":"2017-02-28T09:39:56","date_gmt":"2017-02-28T09:39:56","guid":{"rendered":"https:\/\/www.asostockerau.at\/wordpress\/?page_id=62"},"modified":"2021-11-07T19:22:07","modified_gmt":"2021-11-07T18:22:07","slug":"trommeln","status":"publish","type":"page","link":"https:\/\/www.asostockerau.at\/wordpress\/?page_id=62","title":{"rendered":"Trommeln"},"content":{"rendered":"<p>&nbsp;<\/p>\n<p style=\"text-align: left;\"><span style=\"color: #000000; font-family: verdana,geneva,sans-serif;\">Trommel ist eine &#8211; bei vielen unserer Kinder beliebte &#8211; Methode , Aufnahmef\u00e4higkeit, Konzentration und Teamf\u00e4higkeit zu verbessern.<img loading=\"lazy\" decoding=\"async\" class=\"alignnone wp-image-1385\" src=\"https:\/\/www.asostockerau.at\/wordpress\/wp-content\/uploads\/2018\/12\/20181109_104155verkl.jpg\" alt=\"\" width=\"331\" height=\"196\"> &nbsp; &nbsp; &nbsp; <\/span><span style=\"color: #000000; font-family: verdana,geneva,sans-serif;\"><img loading=\"lazy\" decoding=\"async\" class=\"alignnone wp-image-1386\" src=\"https:\/\/www.asostockerau.at\/wordpress\/wp-content\/uploads\/2018\/12\/20181109_104206-verkl.jpg\" alt=\"\" width=\"224\" height=\"191\"><\/span><\/p>\n<p class=\"font_7\"><span style=\"color: #000000; font-family: verdana,geneva,sans-serif;\">Die Bewegung beider H\u00e4nde und das Verfolgen des Schlagmusters f\u00f6rdern den Ausgleich und die Zusammenarbeit beider Gehirnh\u00e4lften.<\/span><\/p>\n<p class=\"font_7\"><span style=\"color: #000000; font-family: verdana,geneva,sans-serif;\"><img loading=\"lazy\" decoding=\"async\" class=\"wp-image-2534 alignleft\" src=\"https:\/\/www.asostockerau.at\/wordpress\/wp-content\/uploads\/2021\/11\/Trommeln-Selma.jpg\" alt=\"\" width=\"136\" height=\"309\">&nbsp;&nbsp;&nbsp;&nbsp;&nbsp;&nbsp;&nbsp;&nbsp;&nbsp;<\/span><span style=\"color: #000000; font-family: verdana,geneva,sans-serif;\">&nbsp; <\/span><span style=\"color: #000000; font-family: verdana,geneva,sans-serif;\">Schwi<\/span><span style=\"color: #000000; font-family: verdana,geneva,sans-serif;\">ngungen und Rhythmen k\u00f6nnen f\u00fcr Herz und Hirn&#8220; genutzt, Aggressionen sinnvoll umgesetzt werden. Die Atmung wird entschleunigt, die Schwingungen \u00fcbertragen sich auf den ganzen K\u00f6rper und wirken entstressend.<\/span><\/p>\n<p><img loading=\"lazy\" decoding=\"async\" class=\"alignnone  wp-image-2535\" src=\"https:\/\/www.asostockerau.at\/wordpress\/wp-content\/uploads\/2021\/11\/Trommeln-Liam.jpg\" alt=\"\" width=\"177\" height=\"199\"> <img loading=\"lazy\" decoding=\"async\" class=\"wp-image-2536 alignright\" src=\"https:\/\/www.asostockerau.at\/wordpress\/wp-content\/uploads\/2021\/11\/Trommeln.jpg\" alt=\"\" width=\"316\" height=\"182\"><\/p>\n<p class=\"font_7\"><span style=\"color: #000000; font-family: verdana,geneva,sans-serif; font-size: 12pt;\">Die Kinder erfahren, dass auch sanfte Bewegungen T\u00f6ne hervorbringen und verwenden ebenso die &#8222;k\u00f6rpereigenen Instrumente&#8220; Finger, H\u00e4nde und F\u00fc\u00dfe.<\/span><img loading=\"lazy\" decoding=\"async\" id=\"comp-iucrf5i4imgimage\" class=\"alignright\" src=\"https:\/\/static.wixstatic.com\/media\/59b0ee_2373b1f7b776450e9eb05ca55873cf9d~mv2_d_4608_3456_s_4_2.jpg\/v1\/fill\/w_216,h_163,al_c,q_80,usm_0.66_1.00_0.01\/59b0ee_2373b1f7b776450e9eb05ca55873cf9d~mv2_d_4608_3456_s_4_2.jpg\" alt=\"\" data-reactid=\".0.$SITE_ROOT.$desktop_siteRoot.$PAGES_CONTAINER.1.1.$SITE_PAGES.$shvr0.1.$comp-iucrf5i4.0.0.$image\" width=\"294\" height=\"222\"><\/p>\n<p>&nbsp;<\/p>\n<p><span style=\"color: #000000; font-family: verdana,geneva,sans-serif; font-size: 12pt;\">Die K\u00fcnstlerin Monika Ba gestaltet unsere Trommel-Einheiten.<\/span><\/p>\n<p class=\"font_7\">&nbsp; &nbsp; &nbsp; &nbsp; &nbsp; &nbsp; &nbsp; &nbsp;<\/p>\n<p class=\"font_7\"><span class=\"wixGuard\">\u200b<\/span><\/p>\n<p>&nbsp;<\/p>\n","protected":false},"excerpt":{"rendered":"<p>&nbsp; Trommel ist eine &#8211; bei vielen unserer Kinder beliebte &#8211; Methode , Aufnahmef\u00e4higkeit, Konzentration und Teamf\u00e4higkeit zu verbessern. &nbsp; &nbsp; &nbsp; Die Bewegung beider H\u00e4nde und das Verfolgen des Schlagmusters f\u00f6rdern den Ausgleich und die Zusammenarbeit beider Gehirnh\u00e4lften. &nbsp;&nbsp;&nbsp;&nbsp;&nbsp;&nbsp;&nbsp;&nbsp;&nbsp;&nbsp; Schwingungen und Rhythmen k\u00f6nnen f\u00fcr Herz und Hirn&#8220; genutzt, Aggressionen sinnvoll umgesetzt werden. Die Atmung &hellip; <a href=\"https:\/\/www.asostockerau.at\/wordpress\/?page_id=62\" class=\"more-link\"><span class=\"screen-reader-text\">Trommeln<\/span> weiterlesen <span class=\"meta-nav\">&rarr;<\/span><\/a><\/p>\n","protected":false},"author":5,"featured_media":0,"parent":56,"menu_order":0,"comment_status":"closed","ping_status":"closed","template":"","meta":{"ngg_post_thumbnail":0,"footnotes":""},"class_list":["post-62","page","type-page","status-publish","hentry"],"_links":{"self":[{"href":"https:\/\/www.asostockerau.at\/wordpress\/index.php?rest_route=\/wp\/v2\/pages\/62","targetHints":{"allow":["GET"]}}],"collection":[{"href":"https:\/\/www.asostockerau.at\/wordpress\/index.php?rest_route=\/wp\/v2\/pages"}],"about":[{"href":"https:\/\/www.asostockerau.at\/wordpress\/index.php?rest_route=\/wp\/v2\/types\/page"}],"author":[{"embeddable":true,"href":"https:\/\/www.asostockerau.at\/wordpress\/index.php?rest_route=\/wp\/v2\/users\/5"}],"replies":[{"embeddable":true,"href":"https:\/\/www.asostockerau.at\/wordpress\/index.php?rest_route=%2Fwp%2Fv2%2Fcomments&post=62"}],"version-history":[{"count":13,"href":"https:\/\/www.asostockerau.at\/wordpress\/index.php?rest_route=\/wp\/v2\/pages\/62\/revisions"}],"predecessor-version":[{"id":2537,"href":"https:\/\/www.asostockerau.at\/wordpress\/index.php?rest_route=\/wp\/v2\/pages\/62\/revisions\/2537"}],"up":[{"embeddable":true,"href":"https:\/\/www.asostockerau.at\/wordpress\/index.php?rest_route=\/wp\/v2\/pages\/56"}],"wp:attachment":[{"href":"https:\/\/www.asostockerau.at\/wordpress\/index.php?rest_route=%2Fwp%2Fv2%2Fmedia&parent=62"}],"curies":[{"name":"wp","href":"https:\/\/api.w.org\/{rel}","templated":true}]}}