{"id":3454,"date":"2023-10-24T11:39:05","date_gmt":"2023-10-24T09:39:05","guid":{"rendered":"https:\/\/www.asostockerau.at\/wordpress\/?page_id=3454"},"modified":"2023-10-24T11:39:38","modified_gmt":"2023-10-24T09:39:38","slug":"digitale-schulbuecher-in-der-8-klasse","status":"publish","type":"page","link":"https:\/\/www.asostockerau.at\/wordpress\/?page_id=3454","title":{"rendered":"Digitale Schulb\u00fccher in der 8. Klasse"},"content":{"rendered":"<p>Seit dem Schuljahr 2023\/24 verwenden die Sch\u00fclerinnen und Sch\u00fcler der 8.Klasse im Unterrichtsgegenstand Geschichte ein Digitales Schulbuch.<\/p>\n<p>Die Sch\u00fclerinnen und Sch\u00fcler sind aktiv dabei, lernen mit dem digitalen Medium zu arbeiten und sind hochmotiviert.<\/p>\n<p>Auch Arbeitsbl\u00e4tter lernen sie digital und im Team zu bearbeiten.<\/p>\nngg_shortcode_0_placeholder\n","protected":false},"excerpt":{"rendered":"<p>Seit dem Schuljahr 2023\/24 verwenden die Sch\u00fclerinnen und Sch\u00fcler der 8.Klasse im Unterrichtsgegenstand Geschichte ein Digitales Schulbuch. Die Sch\u00fclerinnen und Sch\u00fcler sind aktiv dabei, lernen mit dem digitalen Medium zu arbeiten und sind hochmotiviert. Auch Arbeitsbl\u00e4tter lernen sie digital und im Team zu bearbeiten.<\/p>\n","protected":false},"author":5,"featured_media":0,"parent":0,"menu_order":0,"comment_status":"closed","ping_status":"closed","template":"","meta":{"ngg_post_thumbnail":0,"footnotes":""},"class_list":["post-3454","page","type-page","status-publish","hentry"],"_links":{"self":[{"href":"https:\/\/www.asostockerau.at\/wordpress\/index.php?rest_route=\/wp\/v2\/pages\/3454","targetHints":{"allow":["GET"]}}],"collection":[{"href":"https:\/\/www.asostockerau.at\/wordpress\/index.php?rest_route=\/wp\/v2\/pages"}],"about":[{"href":"https:\/\/www.asostockerau.at\/wordpress\/index.php?rest_route=\/wp\/v2\/types\/page"}],"author":[{"embeddable":true,"href":"https:\/\/www.asostockerau.at\/wordpress\/index.php?rest_route=\/wp\/v2\/users\/5"}],"replies":[{"embeddable":true,"href":"https:\/\/www.asostockerau.at\/wordpress\/index.php?rest_route=%2Fwp%2Fv2%2Fcomments&post=3454"}],"version-history":[{"count":2,"href":"https:\/\/www.asostockerau.at\/wordpress\/index.php?rest_route=\/wp\/v2\/pages\/3454\/revisions"}],"predecessor-version":[{"id":3459,"href":"https:\/\/www.asostockerau.at\/wordpress\/index.php?rest_route=\/wp\/v2\/pages\/3454\/revisions\/3459"}],"wp:attachment":[{"href":"https:\/\/www.asostockerau.at\/wordpress\/index.php?rest_route=%2Fwp%2Fv2%2Fmedia&parent=3454"}],"curies":[{"name":"wp","href":"https:\/\/api.w.org\/{rel}","templated":true}]}}