{"id":1033,"date":"2018-03-03T19:53:20","date_gmt":"2018-03-03T18:53:20","guid":{"rendered":"https:\/\/www.asostockerau.at\/wordpress\/?page_id=1033"},"modified":"2018-03-03T20:08:37","modified_gmt":"2018-03-03T19:08:37","slug":"wertevermittlung","status":"publish","type":"page","link":"https:\/\/www.asostockerau.at\/wordpress\/?page_id=1033","title":{"rendered":"Wertevermittlung"},"content":{"rendered":"<p align=\"center\" style=\"text-align: left;\"><span style=\"font-size: 14pt;\"><span lang=\"DE\"><span style=\"color: #000000;\">&nbsp;<\/span><\/span><span style=\"color: #008000; font-family: verdana,geneva,sans-serif; font-size: 18pt;\"><u><span lang=\"DE\">Ziele<\/span><\/u><\/span><\/span><\/p>\n<p align=\"center\" style=\"text-align: left;\"><span lang=\"DE\" style=\"color: #008000; font-family: verdana,geneva,sans-serif; font-size: 12pt;\"><span style=\"font-size: 14pt;\">N\u00e4he- und Distanzverhalten<\/span> &nbsp; &nbsp; &nbsp; &nbsp; &nbsp; &nbsp; &nbsp; &nbsp; &nbsp; &nbsp; &nbsp; &nbsp; &nbsp; &nbsp; &nbsp; &nbsp; &nbsp; &nbsp; &nbsp; &nbsp; &nbsp; &nbsp; &nbsp; &nbsp; &nbsp; &nbsp; &nbsp; &nbsp; <\/span><span lang=\"DE\" style=\"font-family: verdana,geneva,sans-serif; font-size: 12pt;\"><span style=\"color: #000000;\">Alle Sch\u00fclerInnen und Erwachsenen lernen die Bedeutung von N\u00e4he und Distanz in der Kommunikation kennen und k\u00f6nnen dieses Verhalten im Umgang mit anderen Personen anwenden.<\/span><\/span><\/p>\n<p><span lang=\"DE\" style=\"font-family: verdana,geneva,sans-serif; font-size: 12pt;\"><span style=\"color: #000000;\"><span style=\"color: #008000; font-size: 14pt;\">Toleranz<\/span> &nbsp; &nbsp; &nbsp; &nbsp; &nbsp; &nbsp; &nbsp; &nbsp; &nbsp; &nbsp; &nbsp; &nbsp; &nbsp; &nbsp; &nbsp; &nbsp; &nbsp; &nbsp; &nbsp; &nbsp; &nbsp; &nbsp; &nbsp; &nbsp; &nbsp; &nbsp; &nbsp; &nbsp; &nbsp; &nbsp; &nbsp; &nbsp; &nbsp; &nbsp; &nbsp; &nbsp; &nbsp; &nbsp; &nbsp; &nbsp; &nbsp; &nbsp; &nbsp;&nbsp; <\/span><\/span><span lang=\"DE\" style=\"font-family: verdana,geneva,sans-serif; font-size: 12pt;\"><span style=\"color: #000000;\">Alle Sch\u00fclerInnen und Erwachsenen respektieren einander, k\u00f6nnen mit den St\u00e4rken und Schw\u00e4chen ihres Gegen\u00fcbers umgehen und k\u00f6nnen in der Kommunikation \u00fcber etwaige Differenzen in der Denkweise anderer hinwegsehen.<\/span><\/span><\/p>\n<p><span lang=\"DE\" style=\"font-family: verdana,geneva,sans-serif; font-size: 12pt;\"><span style=\"color: #000000;\"><span style=\"color: #008000; font-size: 14pt;\">Kompromissbereitschaft &nbsp; &nbsp; &nbsp; &nbsp; &nbsp; &nbsp; &nbsp; &nbsp; &nbsp; &nbsp; &nbsp; &nbsp; &nbsp; &nbsp; &nbsp; &nbsp; &nbsp; &nbsp; &nbsp; &nbsp; &nbsp; &nbsp; &nbsp; &nbsp; &nbsp; &nbsp; &nbsp; <\/span>Alle Sch\u00fclerInnen und Erwachsenen lernen damit umzugehen, dass ihre W\u00fcnsche nicht immer erf\u00fcllt werden k\u00f6nnen, sollen jedoch unbedingt wahrnehmen, dass ihre Vorschl\u00e4ge und Ideen angeh\u00f6rt werden und versucht wird, wenn m\u00f6glich, diese umzusetzen. <\/span><\/span><\/p>\n<p><span lang=\"DE\" style=\"font-family: verdana,geneva,sans-serif; font-size: 12pt;\"><span style=\"color: #000000;\"><span style=\"color: #008000; font-size: 14pt;\">Empathie &nbsp; &nbsp; &nbsp; &nbsp; &nbsp; &nbsp; &nbsp; &nbsp; &nbsp; &nbsp; &nbsp; &nbsp; &nbsp; &nbsp; &nbsp; &nbsp; &nbsp; &nbsp; &nbsp; &nbsp; &nbsp; &nbsp; &nbsp; &nbsp; &nbsp; &nbsp; &nbsp; &nbsp; &nbsp; &nbsp; &nbsp; &nbsp; &nbsp; &nbsp; &nbsp; &nbsp; &nbsp; <\/span>Alle Sch\u00fclerInnen und Erwachsenen bem\u00fchen sich abzusch\u00e4tzen, wie es ihrem Gegen\u00fcber gerade geht bzw. was der\/die Andere f\u00fchlt, k\u00f6nnen die Gef\u00fchlslage eines anderen akzeptieren und damit umgehen. Sie k\u00f6nnen auch erkennen, wenn jemand Hilfe ben\u00f6tigt, sei es eine Mitsch\u00fclerin oder ein Mitsch\u00fcler, als auch eine Lehrperson oder St\u00fctzkraft und tun ihr Bestes, um dieser Person zu helfen. <\/span><\/span><\/p>\n<p><span lang=\"DE\" style=\"font-family: verdana,geneva,sans-serif; font-size: 12pt;\"><span style=\"color: #000000;\"><span style=\"color: #008000; font-size: 14pt;\">Respektvoller Umgang &nbsp; &nbsp; &nbsp; &nbsp; &nbsp; &nbsp; &nbsp; &nbsp; &nbsp; &nbsp; &nbsp; &nbsp; &nbsp; &nbsp; &nbsp; &nbsp; &nbsp; &nbsp; &nbsp; &nbsp; &nbsp; &nbsp; &nbsp; &nbsp; &nbsp; &nbsp; &nbsp; &nbsp;<\/span> Alle Sch\u00fclerInnen und Erwachsenen gehen respektvoll und wertsch\u00e4tzend miteinander um und zeigen mit ihrem Verhalten, dass sie einander akzeptieren. <\/span><\/span><\/p>\n<p><span lang=\"DE\" style=\"font-size: 12pt;\"><span style=\"color: #000000; font-family: Times New Roman;\"><span style=\"font-family: verdana,geneva,sans-serif;\"><span style=\"color: #008000; font-size: 14pt;\">Ausdrucksf\u00e4higkeit &nbsp; &nbsp; &nbsp; &nbsp; &nbsp; &nbsp; &nbsp; &nbsp; &nbsp; &nbsp; &nbsp; &nbsp; &nbsp; &nbsp; &nbsp; &nbsp; &nbsp; &nbsp; &nbsp; &nbsp; &nbsp; &nbsp; &nbsp; &nbsp; &nbsp; &nbsp; &nbsp; &nbsp; &nbsp; &nbsp; <\/span><span style=\"color: #000000;\">Alle Sch\u00fclerInnen und Erwachsenen bem\u00fchen sich ihre eigenen Gef\u00fchle wahrzunehmen, ihre Bed\u00fcrfnisse auszudr\u00fccken und Hilfestellungen durch andere anzunehmen.<\/span><\/span> <\/span><\/span><\/p>\n","protected":false},"excerpt":{"rendered":"<p>&nbsp;Ziele N\u00e4he- und Distanzverhalten &nbsp; &nbsp; &nbsp; &nbsp; &nbsp; &nbsp; &nbsp; &nbsp; &nbsp; &nbsp; &nbsp; &nbsp; &nbsp; &nbsp; &nbsp; &nbsp; &nbsp; &nbsp; &nbsp; &nbsp; &nbsp; &nbsp; &nbsp; &nbsp; &nbsp; &nbsp; &nbsp; &nbsp; Alle Sch\u00fclerInnen und Erwachsenen lernen die Bedeutung von N\u00e4he und Distanz in der Kommunikation kennen und k\u00f6nnen dieses Verhalten im Umgang mit anderen &hellip; <a href=\"https:\/\/www.asostockerau.at\/wordpress\/?page_id=1033\" class=\"more-link\"><span class=\"screen-reader-text\">Wertevermittlung<\/span> weiterlesen <span class=\"meta-nav\">&rarr;<\/span><\/a><\/p>\n","protected":false},"author":5,"featured_media":0,"parent":22,"menu_order":0,"comment_status":"closed","ping_status":"closed","template":"","meta":{"ngg_post_thumbnail":0,"footnotes":""},"class_list":["post-1033","page","type-page","status-publish","hentry"],"_links":{"self":[{"href":"https:\/\/www.asostockerau.at\/wordpress\/index.php?rest_route=\/wp\/v2\/pages\/1033","targetHints":{"allow":["GET"]}}],"collection":[{"href":"https:\/\/www.asostockerau.at\/wordpress\/index.php?rest_route=\/wp\/v2\/pages"}],"about":[{"href":"https:\/\/www.asostockerau.at\/wordpress\/index.php?rest_route=\/wp\/v2\/types\/page"}],"author":[{"embeddable":true,"href":"https:\/\/www.asostockerau.at\/wordpress\/index.php?rest_route=\/wp\/v2\/users\/5"}],"replies":[{"embeddable":true,"href":"https:\/\/www.asostockerau.at\/wordpress\/index.php?rest_route=%2Fwp%2Fv2%2Fcomments&post=1033"}],"version-history":[{"count":4,"href":"https:\/\/www.asostockerau.at\/wordpress\/index.php?rest_route=\/wp\/v2\/pages\/1033\/revisions"}],"predecessor-version":[{"id":1039,"href":"https:\/\/www.asostockerau.at\/wordpress\/index.php?rest_route=\/wp\/v2\/pages\/1033\/revisions\/1039"}],"up":[{"embeddable":true,"href":"https:\/\/www.asostockerau.at\/wordpress\/index.php?rest_route=\/wp\/v2\/pages\/22"}],"wp:attachment":[{"href":"https:\/\/www.asostockerau.at\/wordpress\/index.php?rest_route=%2Fwp%2Fv2%2Fmedia&parent=1033"}],"curies":[{"name":"wp","href":"https:\/\/api.w.org\/{rel}","templated":true}]}}